 174 = 2*f + f. Suppose 5*o = 67 + f. Suppose -4*t + o = t. What is the units digit of t?
5
Let r(h) = -13*h - 6. What is the units digit of r(-4)?
6
Let f(q) = 17*q**3 - 2*q**2 + 1. Let s be f(-1). Let o = -28 - s. What is the units digit of 2/o + 30/25?
1
Let b(i) be the third derivative of i**6/120 - i**5/12 - i**4/6 + i**3/2 + 4*i**2. Let q be b(6). Suppose 75 = 4*v + q. What is the tens digit of v?
1
Let f(r) = 5*r + 8. Let b(n) = 9*n + 16. Let i(z) = -4*b(z) + 7*f(z). Let y be i(-10). Suppose 35 = 3*t + y*t. What is the units digit of t?
7
Suppose -84 = -3*n - 0*n. What is the tens digit of n?
2
Suppose -3*x + 5*x - 24 = 0. Let o be (-1)/2 + 30/x. Suppose 3*k + o*k = 50. What is the units digit of k?
0
Let j = 1 + 2. Suppose 105 = -j*b + 6*b. What is the tens digit of b?
3
Suppose 3*x + 1 = 10. Suppose -x*m + 6 = -3. Suppose -f = m*f - 16. What is the units digit of f?
4
Let y(v) = -v**2 + 3*v + 55. What is the tens digit of y(0)?
5
Let k = -7 + 2. Let h(g) = 7 + 0*g**2 - 7*g + 2*g - g**2. What is the units digit of h(k)?
7
Suppose -5*z - 2*q + 709 = 0, -4*q + 243 + 47 = 2*z. What is the tens digit of z?
4
Let n be -14 - -1 - (-5 - -3). Suppose -5*y - 5*g + 100 = 0, 4*y = 5*y - 5*g + 4. Let r = y + n. What is the units digit of r?
5
Suppose m + 362 = 2*h, -2*m = -4*h - 7*m + 724. What is the hundreds digit of h?
1
Suppose -399 = -5*y + 2*y. What is the units digit of y?
3
Let b be -2 - -67 - (-3 + 5). Suppose 0 = 5*k + i + 2*i - 86, -3*k + 2*i + b = 0. What is the tens digit of k?
1
Suppose 5*m + z - 4 - 6 = 0, 2 = m + 5*z. Suppose m*h = -4*j + 6*j + 6, 5*j + 4*h = 21. What is the units digit of j?
1
Let d be (-1)/2 - (-36)/(-8). Let o(r) = -7*r - 6. What is the tens digit of o(d)?
2
Suppose -2*q + 5*u + 627 = 0, 3*u - 7*u + 4 = 0. What is the units digit of q?
6
Suppose 5*q + 0*r - 260 = r, 4*q + r - 217 = 0. What is the tens digit of q?
5
Let w be (-2)/(-9) - 212/(-18). Let j = 19 - w. What is the units digit of j?
7
Let q be 3/12 - 45/4. What is the units digit of (q + 0)*(-4 + 3)?
1
Suppose -5*o - 20 = 0, -2*y - 3*o = -7*o - 22. Suppose 3*g + 2*g = y*a + 18, -3*a + 3 = 2*g. What is the units digit of g?
3
Let g(j) = j**2 + j + 1. Let n be g(-2). Let i(r) = 0 + n*r**2 + 4 - 2*r**2. What is the units digit of i(0)?
4
Suppose 3*f = -2*j + 400, -4*j = -5*f - 5*j + 676. What is the hundreds digit of f?
1
Let c(k) = k**2 - k - 1. Let m be c(-2). Let g be 2/6*(m - -4). Let s = g - 1. What is the units digit of s?
2
Let i(w) = -w**2 + 3. Let v be i(0). Suppose -v*q + 5 = -4. What is the units digit of 0 - (q*-1 - -2)?
1
Let n(u) = -3*u - 3. Let c(b) = b**2 - b - 5. Let l be c(0). What is the units digit of n(l)?
2
Let u = 100 - 63. Let v = u - 3. What is the units digit of v?
4
Let b(j) = -j**3 - 6*j**2 + 2*j + 5. Let k be b(-6). Let c = k + 57. Suppose 0*z = 5*z - c. What is the tens digit of z?
1
Let u = -7 - -16. What is the units digit of 18*(-1 - u/(-6))?
9
Suppose 0 = -12*y + 2886 + 1158. What is the units digit of y?
7
Let u be 0 + -2*(-3)/3. What is the units digit of 2 - (-18 + -2)/u?
2
What is the tens digit of (0 + 3)*71 - -5?
1
Let n be 83/4 + (-2)/(-8). Suppose -4*b = -b + n. Let a = b - -15. What is the units digit of a?
8
Suppose -6*w + w = -150. Suppose y = w - 7. What is the tens digit of y?
2
What is the tens digit of 0 - (6 - 4 - 18)?
1
Let r = 94 - 179. Let s = -38 - r. What is the tens digit of s?
4
Let y(b) = -5*b - 12. Let s be y(-8). What is the units digit of (-1 - 1) + s + 1?
7
Suppose -4*a = -3*a. Let k = a + 0. Suppose x = 4*d - 9, 2*d + x + k*x + 3 = 0. What is the units digit of d?
1
Suppose -5*l + l + 60 = 0. Suppose -g + l = 4*g. Suppose 36 = j + 2*j - q, g*j + 5*q - 18 = 0. What is the tens digit of j?
1
Let g = 185 + 42. What is the hundreds digit of g?
2
Let x be (1672/(-33))/((-2)/6). Suppose -5*t - 52 + x = 0. What is the units digit of t?
0
Let r = -11 + 2. Let k(c) = c + 7. Let t be k(r). What is the units digit of (5/(-15))/(t/12)?
2
Let g be (-38)/12*2*6. What is the units digit of (-2)/6 + g/(-6)?
6
Let h(j) = 8*j**2 - 1. Let d be h(-1). Let p = 11 - d. What is the units digit of p?
4
Suppose -p + 14*p = 2652. What is the hundreds digit of p?
2
Let k = -40 - -42. What is the units digit of k?
2
Let c(a) = a**2 - 7. Let v be c(0). Let x = 8 + v. What is the units digit of x?
1
Suppose -3*k = 2*a - 12, 0*a + 4*a - 14 = -k. Suppose -t - 7 = t - a*o, -10 = 5*t - 5*o. What is the units digit of t?
1
What is the tens digit of ((-8)/((-192)/114))/((-2)/(-16))?
3
Suppose -4*t - t = -20. What is the units digit of (-8)/t*1/(-2)?
1
Let r(a) = a**3 - 7*a**2 + 9*a - 7. Let g be r(6). Suppose 106 = 2*s + 18. Suppose -g = -2*t - f + 9, 0 = 5*t + f - s. What is the units digit of t?
8
Suppose 5*b - 1979 = 116. What is the hundreds digit of b?
4
Suppose -2*y - 15 = -3*y. Suppose 4*p + 37 = 5*a, 2*p - p = -a + 2. What is the tens digit of 1/p + 305/y?
2
Suppose -440 = -5*w + 3*o, -5*o = -6*w + 4*w + 157. What is the tens digit of w?
9
What is the units digit of ((-12)/(-10))/(12/330)?
3
Let y = -2 + -1. Let h be y + 1 + (2 - -44). Suppose -3*i - 4*f + 3 = -33, -h = -4*i - 4*f. What is the units digit of i?
8
Let t be 4*1 - 10/5. Suppose -5 = -3*i + 16. Suppose -i - 3 = -t*c. What is the units digit of c?
5
Let b be (-8)/4*(-10)/(-1). Let m = b - -28. What is the units digit of m?
8
Let t = 10 + -7. Suppose 2*h = -2*z - t + 23, 5*z = 3*h + 26. What is the units digit of z?
7
Let h be (-1 - -1)/(3 + -2). Suppose h = -0*q - 3*q. Suppose q = -5*j + 2*j + 6. What is the units digit of j?
2
Suppose -4*w = -30 - 78. Suppose 0*s + w = 3*s. What is the units digit of s?
9
Let d = 488 - 334. What is the hundreds digit of d?
1
Let l = -30 + 76. What is the units digit of l?
6
Let c(d) = -2*d - 11. Suppose 5*b + 25 = 0, -b + 3*b - 20 = 3*k. Let a be c(k). Let p = a - 7. What is the units digit of p?
2
Let f = -5 + 3. Let k = f + 17. What is the tens digit of k?
1
Let k(t) = -2*t. Let d be k(-5). Suppose -d = -0*g - 5*g. Suppose -p = p - g. What is the units digit of p?
1
Suppose 2*l + 2*f = 224, 0*f = -2*l + 3*f + 209. What is the units digit of l?
9
Let h = -8 - -5. Let x = -1 - h. Suppose x*n - 1 = 11. What is the units digit of n?
6
Suppose -8 = -0*c - 4*c. Let o(v) = -2*v**3 + 3*v**2 - 3*v + 3. Let z be o(c). Let j(k) = k**3 + 7*k**2 - 2*k - 2. What is the tens digit of j(z)?
1
Let w be ((-105)/12)/5*-4. Let n = w - 13. Let p(f) = -f**2 - 6*f + 5. What is the units digit of p(n)?
5
Let n(x) = x**3 - 5*x**2 + 4*x + 4. Let o be n(5). Let s = -7 + o. What is the tens digit of s?
1
Let o(s) = -s**3 - 5*s**2 + 3. Let t be o(-5). Let r = t - 2. What is the units digit of r?
1
Suppose -4*b + 44 = -0*m - 3*m, -2*m = -4*b + 40. Let s = b + -6. What is the units digit of s/8 - (-129)/12?
1
Let k = 47 - 15. Suppose 7*z + k = 3*z + s, -3*z - 4*s = 24. What is the units digit of 3 + z/2 + 3?
2
Let j be (4*-13)/(-2) - -2. Suppose -5*t + t + j = 0. Let q = t - -5. What is the tens digit of q?
1
Suppose 9 = -3*o, 8*k - 3*k - 4*o - 22 = 0. Suppose 3*x = k*s + 7*x - 18, -15 = -s - 4*x. What is the units digit of s?
3
Suppose 5*i + 10 + 5 = 0, -4*r + 47 = 3*i. What is the tens digit of r?
1
Let a = 4 + -6. What is the units digit of (-79)/a + 2/4?
0
Suppose -g + 4*g + 3 = 0. Let f(c) = -22*c - 1. What is the units digit of f(g)?
1
What is the tens digit of 1368/104 - (-4)/(-26)?
1
Suppose -3*t - 94 = -t. Let p be 3/(-6) + t/2. What is the units digit of p/(-20)*(-10)/(-4)?
3
What is the units digit of ((-11)/22)/(-3 + 6999/2334)?
9
Suppose 271 = 4*t + 5*z, 5*t = 2*z + 412 - 98. What is the tens digit of t?
6
Let t be ((-4)/(-6))/((-4)/(-24)). Suppose t*w = -g - 16 + 101, w = -5*g + 26. What is the units digit of w?
1
Let s(f) = 15*f**3 - 2*f**2 - 2. Let v be s(2). Suppose -5*l + 65 = -v. What is the tens digit of l?
3
Suppose -4*m = q + 16 - 52, m - 2*q = 0. Suppose -3*n = -2*z + 11, z = -4*n + n - m. What is the units digit of z?
1
Let h(z) = z**3 - 2*z**2 + 3*z. Let f be h(2). Suppose -f + 30 = 4*w. What is the units digit of w?
6
Let h be ((-8)/20)/(1/5). Let g be (-8)/h*(-6)/(-8). Suppose -g*k = 5*v - 49, -v - k = -2*k - 13. What is the tens digit of v?
1
Let q(s) = 4*s**2 + 3*s + 2. Let u be q(-2). Let o be ((-4)/u)/(1/(-6)). Suppose